der when 61 is divided by a?
9
Suppose -5*v + 6 - 1 = 0. Suppose 0 = -j + 19 - v. Calculate the remainder when j is divided by 5.
3
Suppose 6*y = 3*y, -5*p + 5*y = -35. Calculate the remainder when p is divided by 5.
2
Let s(p) = 5*p - 3 + 2 - 3*p. What is the remainder when 1*72/(1 - -2) is divided by s(7)?
11
Let s = 2 - -13. Calculate the remainder when 44 is divided by s.
14
Suppose 13*a - 12*a = 44. What is the remainder when a is divided by 15?
14
Let y be (-1 + 8)/(9/27). Let p = y + -12. What is the remainder when p is divided by 5?
4
Let i(b) = -b**2 - 22*b + 29. Calculate the remainder when i(-19) is divided by 29.
28
Let j(c) = 2*c**2 + 3*c + 3. Calculate the remainder when j(-4) is divided by (24/(-20))/((-2)/15).
5
Let b be ((-18)/15)/(2/(-30)). Calculate the remainder when 44 is divided by (-71)/(-3) - 12/b.
21
Let w be 13/(-1) - (0 + -2). What is the remainder when (-6 + 1)*w*1 is divided by 14?
13
Suppose -2*i - 8 + 40 = 0. Calculate the remainder when i is divided by (-30)/(-4)*36/30.
7
Suppose -2*w + 5*k = -5, 4*w + 13 = 5*w + k. Calculate the remainder when 68 is divided by w.
8
Suppose -b + 111 = -0*b. Let y = 156 - b. Calculate the remainder when y is divided by 12.
9
Let r be 4/14 + 76/28. Let c(o) = r*o - 4*o + 2 + 4*o. What is the remainder when c(8) is divided by 9?
8
Suppose 0 = 4*v + v + 25. Let b = 0 - v. What is the remainder when 7 is divided by b?
2
Let g = 60 - 47. Calculate the remainder when 32 is divided by g.
6
Let g(b) = 2*b**2 - 10*b - 5. Calculate the remainder when g(-4) is divided by 14.
11
Let f(l) = 2*l - 1. Let r be f(3). Suppose -6*g + 2*g + 306 = -2*b, 4*g = -r*b + 285. What is the remainder when g is divided by 19?
18
Let a(q) = 6*q - 1. Let i be a(2). Suppose -v + i = 4. Suppose -v*o = -2*o - 190. Calculate the remainder when o is divided by 20.
18
Let v = -2 + 9. Suppose v*g = 3*g + 28. Let f(x) = x**3 - 7*x**2 + 3*x - 2. What is the remainder when 35 is divided by f(g)?
16
Suppose 6*r = -213 + 951. Calculate the remainder when r is divided by 42.
39
Let l be ((-2)/(-3))/((-2)/30). Calculate the remainder when 10 is divided by (-1)/(-2)*(-2 - l).
2
Suppose 4*o + 15 + 1 = 0. Let c = 4 + 13. Calculate the remainder when c is divided by (-6)/(-9)*3 - o.
5
Calculate the remainder when 103 is divided by (-3 + 3 - -2) + 19.
19
Let u(t) = 5*t + 12*t**2 - 7 + t**3 - 14*t - 2*t**3. Calculate the remainder when 44 is divided by u(11).
14
Suppose -3*u + 2*u + 80 = 5*m, 4*m = 5*u + 64. What is the remainder when 29 is divided by m?
13
Let o = -6 + 9. Suppose 8*a = 3*a + 30. Calculate the remainder when a is divided by o.
0
Suppose -d = -8 + 4. Calculate the remainder when 41 is divided by d/6 + 31/3.
8
Let h = -29 - -32. What is the remainder when 4 is divided by h?
1
Let g = -3 + 2. Let u = g + 3. Let k = 9 - u. What is the remainder when 20 is divided by k?
6
Let x = -8 + 4. Let j(y) = -y - 1. Let l be j(x). Suppose -z = l*d - 1 - 3, -2*d + 2*z = 0. Calculate the remainder when 1 is divided by d.
0
Let j be 3/(-3 + 2 + 2). Suppose 57 - 183 = -j*d. What is the remainder when d is divided by 11?
9
Let r = -7 - -10. Let p(d) = d**2 - 8*d - 3. What is the remainder when p(9) is divided by r?
0
Suppose m - s - 2*s = 16, 4 = -4*s. Let w = -30 + 67. Calculate the remainder when w is divided by m.
11
Let r(l) = -5*l**3 + 3*l**2 + 3*l + 1. Calculate the remainder when r(-2) is divided by 13.
8
Let r = 100 + -71. What is the remainder when r is divided by 16?
13
Suppose 2*k = -3*f - 133 + 489, 5*f + 2*k - 600 = 0. Let q(r) = -r**3 + 6*r**2 + 5*r + 1. What is the remainder when f is divided by q(6)?
29
Suppose -51 = 4*x - 239. Let v(s) = 7*s + 2. Suppose 2*a - 7*a = -10. Calculate the remainder when x is divided by v(a).
15
Let s = -15 + 20. What is the remainder when 7 is divided by s?
2
Let f(u) = 3*u. Suppose 0 = -4*o + 20, 2*o - o - 155 = -3*w. Let g = -29 + w. What is the remainder when g is divided by f(2)?
3
Suppose -3*d - 120 = 5*m - 361, m - 38 = -4*d. Suppose 14*j - 26 = 12*j. What is the remainder when m is divided by j?
11
Let r = 0 - -1. Calculate the remainder when 1 - 3 - (r - 29) is divided by 9.
8
Suppose 4 = -4*o + 12. Suppose o*n + n - 33 = 0. What is the remainder when 21 is divided by n?
10
Let l be 0 + -2 + 3128/4. Let m = l + -511. Suppose p = -5*x + m, 0*p + 3*p = 4*x - 200. What is the remainder when x is divided by 18?
17
Let d(k) = 4*k + k + 1 - 4*k. What is the remainder when 15 is divided by d(8)?
6
Suppose s - 23 = 9. Let q = s - -8. What is the remainder when q is divided by 14 + -2 - -3 - 1?
12
Let h(k) = -k**2 - 9*k - 6. Let p(c) = 2*c - 5. Let t be p(6). Let w be (-2 - -1)/(1/t). Calculate the remainder when 23 is divided by h(w).
7
Let f = -3 - -3. Suppose -2*i + f - 1 = -q, -3 = 3*i - 3*q. Suppose i*o + 3*o = 93. Calculate the remainder when o is divided by 11.
9
Let z = -14 + 29. Let t = 58 - z. Calculate the remainder when t is divided by (3/(-2))/(3/(-30)).
13
Suppose -4*g = 2*w - 114, 0 = -4*g - w + 5*w + 144. Let p = 52 - g. Let z = -42 - -103. Calculate the remainder when z is divided by p.
19
Let n = 39 + -33. What is the remainder when 20 is divided by n?
2
Let j = -4 + 2. Suppose 2*i - 6 = -0. Calculate the remainder when ((-21)/9 - j)*-27 is divided by i.
0
Suppose 0 = 2*f + 9 - 31. What is the remainder when 53 is divided by f?
9
What is the remainder when 2*(574/4)/7 is divided by 15?
11
Suppose 3*s - 312 = -a - 21, -3*a - 3*s + 891 = 0. Suppose -8*r = -3*r - a. What is the remainder when r is divided by 21?
18
Suppose 0 = -5*u + 5 + 40. Let j = u - 0. Calculate the remainder when 16 is divided by j.
7
Let j be 80/45 - 2/(-9). What is the remainder when j*1/(2/47) is divided by 16?
15
What is the remainder when ((-434)/(-8))/7*4 is divided by 16?
15
Calculate the remainder when -1 + 1 + (-86)/4*-2 is divided by 22.
21
Let n(v) = -5*v**3 + 2*v**2 + v. Let i be n(-1). Let c = i - -3. What is the remainder when 15 is divided by c?
6
Suppose 0*t = 5*t - 40. Suppose -3*x - m = -11, -5*x - 3*m = -6 - 19. Suppose x*z = -2*z + 92. Calculate the remainder when z is divided by t.
7
Suppose 3*r + 0*r - 12 = 0. Suppose 5*u = z - 34, r*z + 0*u - 102 = 3*u. Calculate the remainder when 45 is divided by z.
21
Let k be -19 + (1 - -5)/(-3). Let r be (-1 - -2) + k/3. Let p(d) = d**3 + 6*d**2 - 2*d. What is the remainder when 35 is divided by p(r)?
11
Suppose -8*k + 5*k = -12. Calculate the remainder when (-24)/(-20)*15/2 is divided by k.
1
Let s(h) = 19*h**3 - 2*h**2 + 2*h - 1. Let g(n) = -n**2 + 2*n + 1. Let w be g(2). Calculate the remainder when 35 is divided by s(w).
17
Suppose 5*u = 5*k + 2*u - 16, u - 4 = -3*k. Let b be (2 - 3) + 1 + k. Suppose -108 = -2*f - b*f. What is the remainder when f is divided by 14?
13
Let o be (-1)/(-2) - 10/(-4). Suppose -150 - 13 = -3*k + 2*p, -o*p + 138 = 3*k. Suppose 3*i + 10 = 49. What is the remainder when k is divided by i?
12
Suppose -3*y = -3, 3*n - 4*y - 13 = y. What is the remainder when n is divided by 2?
0
Let f = -9 + -1. Let r(l) = -l**3 - 11*l**2 - 13*l - 2. Calculate the remainder when r(f) is divided by 15.
13
Suppose 159 = 4*z + 15. Suppose -5*u = -2*u - z. What is the remainder when 46 is divided by u?
10
Let b(g) = g - 8. Let i be b(8). Suppose i = -3*o + 4 + 23. What is the remainder when 25/1 - (0 - 1) is divided by o?
8
Let u = 24 - 9. Suppose -2*p + 5 = -13. Calculate the remainder when u is divided by p.
6
Let j = -34 + 72. Calculate the remainder when j is divided by 24.
14
Suppose -9 = -3*h + 3. Calculate the remainder when (0 - h)/(-4) - -56 is divided by 15.
12
Suppose -11 = r - 28. What is the remainder when 84 is divided by r?
16
Let x(s) = s + 7. Let h be x(0). Let i = h - 2. What is the remainder when 17 is divided by i?
2
Let v = -19 - -35. Let o = -6 - -8. What is the remainder when v is divided by o/8 - 276/(-48)?
4
Let t(j) = j - 1. Let b = 3 - 5. Let n be t(b). Let i(f) = -4*f - 1. What is the remainder when i(n) is divided by 7?
4
Let g(q) = 4*q**3 + 13*q**2 - q - 4. Let k(p) = -5*p**3 - 14*p**2 + 4. Let t(z) = 6*g(z) + 5*k(z). Calculate the remainder when 6 is divided by t(7).
0
Suppose 0 = 5*b + 3*b - 48. What is the remainder when b is divided by 2?
0
Let m = 123 - 88. Suppose 219 = 12*c + 75. Calculate th